ulate the remainder when 7 is divided by v.
1
Let j(o) = -o**2 + 1. Let z be j(7). What is the remainder when (-1520)/z + -1 + 2/6 is divided by 10 + (-4 - -2) + 1?
4
Let h = 10 + 2. Calculate the remainder when 37 is divided by (-4)/2*(-6)/(h/7).
2
Let y(u) = 2*u**2 + 14*u + 3 - 17*u - 1. Let t be y(2). Suppose 4*p - 53 = t*g - 21, 2*g = p - 8. Calculate the remainder when 22 is divided by p.
6
Suppose 3*p - 2*u - 336 = 0, 0*p - 222 = -2*p + 2*u. What is the remainder when p is divided by 29?
27
Suppose -117 = -3*o + 3*v, -5*o - v + 110 + 109 = 0. Suppose -3*r - 71 = -2*g, -g - o = -2*g + 4*r. What is the remainder when 122 is divided by g?
29
Let x(q) = 24*q - 2. Suppose -6*p - 10 = -o - 3*p, -o - p = 2. Calculate the remainder when x(o) is divided by 12.
10
Let w(a) = a**3 - 10*a**2 + 24. Let y be w(10). What is the remainder when 103 is divided by 4/(y/82) - 4/6?
12
What is the remainder when 56 is divided by (-174)/(-9) + 38/(-114)?
18
Suppose 64 = -n - r + 4*r, -3*n + r = 152. Let k = n - -71. Suppose 4*x = 236 - 68. Calculate the remainder when x is divided by k.
20
Let z(h) = h**3 + 11*h**2 + 11*h + 18. Let c = 34 - 44. What is the remainder when 29 is divided by z(c)?
5
Suppose 4*x - 318 = 2*d, -63*d - 20 = -59*d. What is the remainder when x is divided by 8?
5
Let g(m) = 23*m**3 - 3*m**2 + 5*m + 2. Calculate the remainder when g(2) is divided by 17.
14
Let v be (-4 - -5)/(1/(-2)). Let r(f) = -72*f + 4. Calculate the remainder when r(v) is divided by 30.
28
What is the remainder when 65 is divided by 4/(-10) + 679/35?
8
Let u(x) = x**3 + 7*x**2 + 6. Let c be u(-7). Let d(i) = i**2 + 6. Let k = -551 - -562. What is the remainder when d(c) is divided by k?
9
Suppose 13*g - 12*g - 13 = 0. Suppose -2*o = -f + g, o + 3*o + 68 = 4*f. Calculate the remainder when 56 is divided by f.
14
Suppose 5*r = d + r - 40, -3*r = 9. Let z be 22/55 + 28/5. What is the remainder when d is divided by 966/63 + (-2)/z?
13
Let i = 635 - 893. Let m = i - -371. What is the remainder when m is divided by 29?
26
Suppose 0 = 110*x - 94*x - 1136. Suppose -3*j = -4*j + 18. What is the remainder when x is divided by (j/5)/((-1)/(-5))?
17
Let v = 40 + 7. Calculate the remainder when -1 - 44*(2 - 4) is divided by (-9)/6*1 + v/2.
21
Let t(l) = -l**3 - l**2 - 2. Let b be t(-2). Suppose -41 = -b*k + 17. What is the remainder when k is divided by 18?
11
Let l(c) = 7*c + 8 - 21*c + 15*c. Let u be l(12). Suppose -h + u = h. What is the remainder when 49 is divided by h?
9
Let p(y) = y**2 - 8*y - 3. Let t be p(9). Let d(l) = 3*l**3 + l**2 + l. Let i be d(-1). Let r = t - i. Calculate the remainder when 42 is divided by r.
6
Calculate the remainder when 142 is divided by (7 - 3)*(14 + -8).
22
Let n = -28 - -28. Calculate the remainder when 69 is divided by 15 + (-3 - n) + 2.
13
What is the remainder when (3/(-6))/((-2)/24) is divided by 3 + -5 + (-11)/((-33)/12)?
0
Suppose 0 = -2*w + 21 + 7. Let m = w + -5. Let n(l) = 4*l**2 - 6*l + 8. Calculate the remainder when n(3) is divided by m.
8
Let c = 227 - 111. What is the remainder when c is divided by 22?
6
Let w be -21*(2 + -1)/((-15)/65). Let s = 140 - w. What is the remainder when 96 is divided by s?
47
Suppose -h + 5*l = 2*h - 270, -4*h = -4*l - 368. What is the remainder when h is divided by (7/(98/(-36)))/((-321)/1498)?
11
Suppose -4*r - 4*j - 296 = -8*r, -r - j + 64 = 0. What is the remainder when 1031 is divided by r?
65
Let t(y) = 4*y**2 + y - 1. Let l be t(1). Suppose 4*k - 28 = 2*j - 6*j, 3*k - l*j - 21 = 0. What is the remainder when 76/(-6)*(-18)/12 is divided by k?
5
Suppose -2*n + 3*n + 37 = -2*p, 4*n = 2*p + 32. Let m = -927 + 2984. Calculate the remainder when m/99 - 4/p is divided by 12.
9
Suppose 0*q + 4 = 5*q + t, -q + 8 = 2*t. Suppose 3*v + 18 = 3*d, 3*d + q*v = 2*v + 16. Calculate the remainder when 87 is divided by -1 - (d + -31) - -4.
27
Suppose -3*y + 0*y + 15 = 0. Suppose 0 = -3*q + y*z + 76, 0*q - 40 = -q - 2*z. Calculate the remainder when 93 is divided by q.
29
Suppose 2*q + 5*i - 40 = 0, q + 5*i - 8 - 12 = 0. What is the remainder when 76 is divided by q?
16
Suppose 4 = -k + 7. Calculate the remainder when 26 is divided by -1 + 1 + k - (-2 + -5).
6
Let b = -130 + 147. Suppose -u + 0*u + b = 2*c, 5*u = -c + 112. What is the remainder when 66 is divided by u?
20
Let k(n) = -50*n + 100. What is the remainder when k(-8) is divided by 18?
14
Suppose -11*n - 45 + 111 = 0. Calculate the remainder when 45 is divided by n.
3
Let t(m) = 43*m - 155. Suppose -2*j - 5 + 105 = 0. What is the remainder when j is divided by t(4)?
16
Suppose -2*p + 4*p - 5*q - 132 = 0, 5*q = -2*p + 132. What is the remainder when p is divided by 10?
6
Suppose 4 - 2 = 2*z. Suppose 2*q - z = g - 5, 4*g + 4*q - 16 = 0. What is the remainder when 33 is divided by ((-15)/9 - g)*-3?
16
Let k be (-2)/(-5) + (-65)/(-25). Suppose 4*c - 169 - 5 = k*a, 3*c - a = 128. Calculate the remainder when c is divided by 15.
12
Suppose -31*w = 578 - 2345. What is the remainder when 130 is divided by w?
16
Let f = -238 - -259. Calculate the remainder when 34 is divided by f.
13
Suppose -z - 27 = x, -x - 70 + 20 = 2*z. Let a = 50 + z. Let f = 12 + -2. Calculate the remainder when a is divided by f.
7
Suppose 24*n - 2317 + 493 = 0. Calculate the remainder when n is divided by 20.
16
Let v(x) = x**3 - 2*x**2 + 3*x. Suppose 0 = -5*p - c + 3 + 7, -2*c = 0. Calculate the remainder when 34 is divided by v(p).
4
Let z = 50 + -48. Suppose -2*r = -28 - z. What is the remainder when r is divided by 4?
3
Let c be 0/2 - (-92)/(-2). Let z be c/6 + (-6)/18. Calculate the remainder when 132/(-8)*z/3 is divided by 15.
14
Suppose 0 = 3*o + f - 928, -5*f + 430 = o + 116. Calculate the remainder when o is divided by 5.
4
Suppose -7*q - 1343 = 10*q. Let h = q + 113. What is the remainder when h is divided by 8?
2
Let n = -203 - -217. What is the remainder when 48 is divided by n?
6
Let x = 227 - 95. Let k be 263/4 - (-3)/12. Let v = x - k. Calculate the remainder when v is divided by 23.
20
Let o(c) = -c**2 - 10*c + 13. Calculate the remainder when 99 is divided by o(-8).
12
Suppose -u + 6 + 0 = 5*l, 3*l = -2*u + 5. What is the remainder when -3*(2 - (-8)/(-3)) is divided by l?
0
Let o(z) = -z**3 + 13*z**2 + 32*z - 13. Calculate the remainder when 200 is divided by o(15).
13
Let n be 2/(-2) - (-1 - 4). Suppose -n*p + 2*l = -p + 372, p = -l - 124. Calculate the remainder when p/(-3) - (-2)/(-6) is divided by 11.
8
Suppose 0 = 3*z - 3*s - 33, 11*z - 55 = 6*z - 4*s. What is the remainder when 235 is divided by z?
4
Suppose 173*v - 176*v + 1044 = 0. Calculate the remainder when v is divided by 109.
21
Let i(y) = -20*y + 27. What is the remainder when i(-22) is divided by 67?
65
Let a(j) = 2*j**2 - 25*j + 2. Let h be a(13). Calculate the remainder when 50 - -5*(-3)/h is divided by 13.
10
What is the remainder when (-8)/10*(-8 - -13) + 235 is divided by 6?
3
Suppose -56 = -4*c + 3*s, -4*c - 5*s + 105 = c. Let y(f) = 5*f + 10 - f**3 - 3*f**2 - 2*f**2 - 7. Calculate the remainder when y(-7) is divided by c.
15
Suppose -3*u + 4*v = 2*u - 143, 0 = u + 3*v - 21. What is the remainder when 60 is divided by u?
6
Let r(c) = -c**2 + 17*c - 32. Calculate the remainder when r(6) is divided by 18.
16
Suppose -b - b = -5*m + 9, 5 = -5*m. Let t(w) = 2*w + 26. Calculate the remainder when 58 is divided by t(b).
10
Let g(u) = -u**2 + 6*u + 10. Let m be g(7). Let l(z) = 4 + 0*z**3 + 3*z - m - 2*z - 3*z**2 - z**3. What is the remainder when l(-4) is divided by 8?
5
Let o = -302 + 987. Calculate the remainder when o is divided by 49.
48
Suppose 0 = u - 2*l - 33, -l - 15 = -2*u + 60. Let c(k) = -5*k - 53. Let t be c(-11). What is the remainder when u is divided by 6/(-9)*(-24)/t?
7
Suppose -3*z + 6 = 0, 0*b + 4*b - 2*z - 76 = 0. Suppose -b = -2*m + 12. Let r = m - 3. Calculate the remainder when 36 is divided by r.
10
Suppose 2*h + 2*h - 132 = 0. Let q = -1692 + 1704. What is the remainder when h is divided by q?
9
Let d = -2383 + 3115. What is the remainder when d is divided by 32?
28
Suppose -4*m = -3*f + 1038, -34*f = -36*f + 2*m + 694. What is the remainder when f is divided by 170?
10
What is the remainder when 242 is divided by 13/((-65)/(-30)) - -44?
42
Suppose 88 = 2*d + 14. Calculate the